
False
Is 9168283 composite?
True
Is 473830145 a composite number?
True
Is 64158829 composite?
True
Is 21185887 a composite number?
True
Is 97076177 composite?
True
Is 87957847 composite?
True
Is 9818657 composite?
False
Is 3794039 a composite number?
False
Is 1166991223 prime?
True
Is 42357101 a prime number?
True
Is 11470659 a composite number?
True
Is 13579559 a composite number?
True
Is 2489383 a composite number?
True
Is 8126057 a composite number?
False
Is 299228863 composite?
False
Is 22129097 a composite number?
False
Is 1218538 a composite number?
True
Is 667509251 composite?
True
Is 426751043 prime?
False
Is 7449649 prime?
False
Is 7083227 composite?
False
Is 77672941 a composite number?
False
Is 37392211 a composite number?
False
Is 335151871 prime?
True
Is 8594013 a composite number?
True
Is 6123443 a prime number?
True
Is 1420717 a composite number?
False
Is 9065153 a composite number?
True
Is 28976161 a composite number?
False
Is 15046519 composite?
True
Is 17530385 a prime number?
False
Is 13998014 a composite number?
True
Is 3174737 a prime number?
True
Is 4472801 a composite number?
False
Is 38180579 prime?
True
Is 9560309 prime?
False
Is 81956141 a composite number?
False
Is 2054995 prime?
False
Is 47648969 a composite number?
False
Is 194671831 a prime number?
True
Is 183368837 a prime number?
True
Is 20456041 a prime number?
True
Is 28557353 a composite number?
True
Is 1411469 composite?
True
Is 4705381 a prime number?
True
Is 10468441 prime?
True
Is 8738981 a composite number?
True
Is 9554309 a composite number?
False
Is 11423647 a prime number?
True
Is 627561553 a prime number?
True
Is 1900483 a composite number?
True
Is 99843685 a composite number?
True
Is 168133843 a prime number?
True
Is 2111623 composite?
True
Is 1512607 composite?
False
Is 4714249 composite?
False
Is 605460127 composite?
False
Is 76632737 composite?
False
Is 46925429 a composite number?
False
Is 3533063 a composite number?
False
Is 882529 prime?
True
Is 6332629 a composite number?
False
Is 10383 composite?
True
Is 9711967 prime?
True
Is 543481 prime?
False
Is 21478861 a prime number?
True
Is 375022727 a prime number?
True
Is 2527799 composite?
False
Is 2320421 a prime number?
True
Is 16174421 composite?
False
Is 31779971 a prime number?
True
Is 827737 composite?
False
Is 3546355 prime?
False
Is 1157969 prime?
True
Is 147227917 composite?
False
Is 3363389 a composite number?
False
Is 3795733 composite?
True
Is 8058353 a prime number?
True
Is 266729951 composite?
False
Is 72019 prime?
True
Is 34787666 composite?
True
Is 186291947 composite?
False
Is 14754886 composite?
True
Is 27732037 a composite number?
True
Is 201407137 a prime number?
False
Is 2034869 a composite number?
False
Is 8887961 a prime number?
True
Is 16842109 a prime number?
True
Is 8475127 a composite number?
True
Is 175631 a composite number?
False
Is 2548613 composite?
True
Is 2895141 prime?
False
Is 326207483 a prime number?
False
Is 86439259 composite?
False
Is 731681 composite?
False
Is 26229757 prime?
False
Is 1386663 composite?
True
Is 24766877 a prime number?
True
Is 6602399 prime?
True
Is 8431169 a composite number?
False
Is 349165 composite?
True
Is 55455121 a composite number?
False
Is 2203993 composite?
True
Is 3386039 a composite number?
True
Is 12172871 composite?
False
Is 645338543 composite?
False
Is 38099629 a composite number?
True
Is 973633 composite?
True
Is 37129 composite?
True
Is 17050301 a prime number?
False
Is 2724881 composite?
True
Is 19092937 a prime number?
True
Is 1016023 a composite number?
False
Is 231670147 a prime number?
True
Is 588483149 a composite number?
True
Is 42171299 a composite number?
True
Is 1167329 composite?
False
Is 85457413 a prime number?
False
Is 808147 a composite number?
False
Is 24749827 a composite number?
True
Is 9634147 prime?
False
Is 3722441 a composite number?
True
Is 7921609 composite?
True
Is 43052869 composite?
False
Is 32215327 a composite number?
True
Is 5270039 a composite number?
False
Is 2745209 prime?
True
Is 98419961 prime?
False
Is 157404899 composite?
True
Is 10513469 a prime number?
True
Is 23629163 a prime number?
True
Is 537067 a composite number?
False
Is 3821977 composite?
True
Is 3629731 composite?
True
Is 41339567 a prime number?
True
Is 2003167 prime?
False
Is 263393 a composite number?
True
Is 2919647 composite?
False
Is 21553503 a composite number?
True
Is 1067299 a composite number?
True
Is 458851 prime?
False
Is 253671877 composite?
True
Is 14977579 prime?
True
Is 8023259 prime?
True
Is 19293653 a prime number?
True
Is 2734663 prime?
True
Is 4768189 prime?
False
Is 365912779 composite?
False
Is 265161527 a composite number?
True
Is 88458907 a prime number?
False
Is 6524773 a prime number?
True
Is 145713 a prime number?
False
Is 60350107 composite?
False
Is 15805043 prime?
True
Is 6831509 a prime number?
False
Is 1227659 a composite number?
False
Is 3566177 a prime number?
True
Is 52791757 a composite number?
False
Is 1127617 composite?
False
Is 584738819 a composite number?
True
Is 18125101 composite?
False
Is 21159319 a composite number?
False
Is 172746101 composite?
True
Is 1837203 prime?
False
Is 15668893 a composite number?
True
Is 3444391 composite?
False
Is 1790981 a prime number?
False
Is 2170811 prime?
False
Is 47838251 prime?
True
Is 5894849 composite?
False
Is 349616447 a prime number?
False
Is 8574623 a prime number?
True
Is 2862043 prime?
True
Is 130969 prime?
True
Is 4822553 a composite number?
False
Is 128008477 prime?
False
Is 14220023 a prime number?
True
Is 2902873 composite?
False
Is 56554889 composite?
False
Is 3110057 prime?
True
Is 136753427 a composite number?
True
Is 88159 a composite number?
True
Is 1031299 composite?
False
Is 2481709 a composite number?
False
Is 349664317 a prime number?
False
Is 8863347 composite?
True
Is 428758147 composite?
False
Is 4009289 a prime number?
False
Is 62529811 composite?
True
Is 2581273 a prime number?
True
Is 8580671 a prime number?
False
Is 20058355 prime?
False
Is 105604573 composite?
True
Is 337121 a prime number?
True
Is 1151629 composite?
False
Is 11856653 composite?
False
Is 13916891 prime?
False
Is 67491719 a composite number?
False
Is 21041131 a composite number?
True
Is 55826569 prime?
True
Is 2372297 composite?
True
Is 168251 prime?
False
Is 173836609 composite?
False
Is 2137669 composite?
False
Is 814397411 a composite number?
True
Is 78578183 a composite number?
True
Is 561635 composite?
True
Is 3336451 composite?
False
Is 3440953 a composite number?
True
Is 20323541 a prime number?
False
Is 6895685 a composite number?
True
Is 5899667 a prime number?
False
Is 101906803 composite?
False
Is 2082247 a composite number?
False
Is 11109181 a prime number?
True
Is 406494659 a composite number?
False
Is 1414198 composite?
True
Is 18916429 prime?
False
Is 307009219 composite?
True
Is 1495447 prime?
True
Is 741563 a prime number?
True
Is 7271023 prime?
False
Is 387428863 a composite number?
True
Is 25867937 a prime number?
False
Is 52461914 a composite number?
True
Is 5527205 a prime number?
False
Is 13271887 a composite number?
False
Is 287367781 prime?
False
Is 16253597 composite?
True
Is 2179577 composite?
True
Is 2870171 a prime number?
True
Is 102184879 composite?
False
Is 4619177 a prime number?
True
Is 98069177 a prime number?
True
Is 8344477 a composite number?
True
Is 255991 a composite number?
True
Is 123906917 composite?
False
Is 934675883 a prime number?
True
Is 30965741 a composite number?
False
Is 3502507 a prime number?
False
Is 99602429 composite?
False
Is 5525053 a composite number?
False
Is 12180187 a composite number?
False
Is 19531493 a prime number?
True
Is 7786189 a composite number?
False
Is 1066423 prime?
True
Is 4837411 composite?
False
Is 2036687 composite?
False
Is 6988913 a composite number?
True
Is 335792023 a composite number?
True
Is 616615581 a prime number?
False
Is 6141041 a composite number?
False
Is 107845253 a prime number?
False
Is 291259 prime?
False
Is 251789 composite?
False
Is 27376859 a prime number?
True
Is 27815747 prime?
False
Is 793043 a composite number?
False
Is 112064851 prime?
True
Is 178430143 a prime number?
True
Is 4046657 composite?
False
Is 35203043 prime?
True
Is 104998181 a compo